ulate the remainder when 139377295 is divided by 219.
1
Calculate the remainder when 4501982 is divided by 1422.
1352
What is the remainder when 99958 is divided by 2056?
1270
What is the remainder when 11969714 is divided by 194?
108
What is the remainder when 37403 is divided by 12371?
290
What is the remainder when 29673399 is divided by 706509?
21
Calculate the remainder when 1342358 is divided by 354.
344
Calculate the remainder when 2944921 is divided by 1660.
81
Calculate the remainder when 13945379 is divided by 23.
19
Calculate the remainder when 386579 is divided by 465.
164
Calculate the remainder when 133405859 is divided by 60.
59
What is the remainder when 188381 is divided by 3467?
1163
What is the remainder when 10903672 is divided by 2180734?
2
Calculate the remainder when 11720 is divided by 4995.
1730
Calculate the remainder when 43542987 is divided by 51.
3
What is the remainder when 1340480 is divided by 67024?
0
What is the remainder when 119750842 is divided by 659?
657
Calculate the remainder when 2761951 is divided by 17.
12
What is the remainder when 7167 is divided by 1536?
1023
What is the remainder when 1505787 is divided by 40688?
331
What is the remainder when 9616222 is divided by 3205387?
61
Calculate the remainder when 37128185 is divided by 1054.
1035
What is the remainder when 67003873 is divided by 429512?
1
Calculate the remainder when 3757685 is divided by 375760.
85
What is the remainder when 618185 is divided by 618145?
40
Calculate the remainder when 13264 is divided by 6219.
826
What is the remainder when 2114260 is divided by 75509?
8
What is the remainder when 18416 is divided by 1371?
593
What is the remainder when 5454466 is divided by 2727228?
10
Calculate the remainder when 125128867 is divided by 4.
3
Calculate the remainder when 5018286 is divided by 4210.
4176
Calculate the remainder when 8836005 is divided by 2945236.
297
Calculate the remainder when 61096 is divided by 1622.
1082
What is the remainder when 25849170 is divided by 37681?
4
What is the remainder when 80192502 is divided by 412?
410
What is the remainder when 1524509 is divided by 352?
349
What is the remainder when 503981 is divided by 1961?
4
What is the remainder when 644729 is divided by 20797?
22
Calculate the remainder when 38531 is divided by 159.
53
What is the remainder when 86155 is divided by 933?
319
Calculate the remainder when 6370 is divided by 1203.
355
What is the remainder when 105134 is divided by 15018?
8
Calculate the remainder when 16460253 is divided by 80.
13
Calculate the remainder when 682438 is divided by 191.
186
Calculate the remainder when 393580345 is divided by 28.
25
Calculate the remainder when 137851 is divided by 296.
211
What is the remainder when 5462474 is divided by 6056?
6018
Calculate the remainder when 2318757 is divided by 1026.
1023
Calculate the remainder when 58622 is divided by 14363.
1170
Calculate the remainder when 35592919 is divided by 3570.
19
Calculate the remainder when 2373250 is divided by 499.
6
What is the remainder when 2665204 is divided by 48457?
69
Calculate the remainder when 588763 is divided by 196084.
511
Calculate the remainder when 3972415 is divided by 21472.
95
Calculate the remainder when 3660075 is divided by 1166.
1
What is the remainder when 18167030 is divided by 465821?
11
Calculate the remainder when 9984986 is divided by 68.
2
Calculate the remainder when 4033989 is divided by 12.
9
Calculate the remainder when 13727449 is divided by 3227.
3018
Calculate the remainder when 507366 is divided by 31709.
22
What is the remainder when 1066841 is divided by 3498?
3449
Calculate the remainder when 26071178 is divided by 8690385.
23
What is the remainder when 28127 is divided by 222?
155
What is the remainder when 20736 is divided by 3005?
2706
What is the remainder when 210524 is divided by 105259?
6
What is the remainder when 39616 is divided by 1884?
52
What is the remainder when 2044587 is divided by 75?
12
What is the remainder when 988058 is divided by 427?
407
Calculate the remainder when 4063498 is divided by 135.
133
What is the remainder when 67251593 is divided by 683?
681
Calculate the remainder when 294732 is divided by 1023.
108
Calculate the remainder when 10684 is divided by 2536.
540
Calculate the remainder when 179600 is divided by 29913.
122
Calculate the remainder when 3446147 is divided by 82.
15
Calculate the remainder when 207919677 is divided by 209.
207
What is the remainder when 41910 is divided by 2520?
1590
Calculate the remainder when 8864952 is divided by 1128.
0
What is the remainder when 9205998 is divided by 1407?
1404
Calculate the remainder when 982579 is divided by 15178.
11187
What is the remainder when 18594137 is divided by 151?
148
Calculate the remainder when 20664 is divided by 10318.
28
What is the remainder when 36336808 is divided by 144?
136
What is the remainder when 8886464 is divided by 4443198?
68
What is the remainder when 19948797 is divided by 1044?
45
What is the remainder when 484447 is divided by 25?
22
What is the remainder when 7977334 is divided by 2182?
2124
What is the remainder when 200306102 is divided by 87?
86
What is the remainder when 569332 is divided by 62?
48
Calculate the remainder when 15436 is divided by 534.
484
Calculate the remainder when 1056933 is divided by 427.
108
Calculate the remainder when 73208781 is divided by 167.
156
Calculate the remainder when 31140 is divided by 30005.
1135
What is the remainder when 1178556 is divided by 464?
460
Calculate the remainder when 2852706 is divided by 152.
122
Calculate the remainder when 254650 is divided by 15908.
122
What is the remainder when 142083 is divided by 17602?
1267
What is the remainder when 79428400 is divided by 1654758?
16
What is the remainder when 118015243 is divided by 5470?
5463
What is the remainder when 482295 is divided by 611?
216
Calculate the remainder when 6232058 is divided by 272.
266
Calculate the remainder when 4656458 is divided by 35818.
118
What is the remainder when 434252 is divided by 655?
642
What is the remainder when 17460 is divided by 81?
45
What is the remainder when 871840 is divided by 871710?
130
Calculate the remainder when 75282 is divided by 24914.
540
What is the remainder when 4562422 is divided by 156?
46
What is the remainder when 48995002 is divided by 124?
122
Calculate the remainder when 1456530 is divided by 485496.
42
What is the remainder when 42354942 is divided by 256?
254
What is the remainder when 197464 is divided by 23856?
6616
Calculate the remainder when 8456395 is divided by 523.
8
Calculate the remainder when 336694 is divided by 2131.
2127
Calculate the remainder when 582808 is divided by 6404.
44
Calculate the remainder when 173552006 is divided by 259.
250
Calculate the remainder when 3901206 is divided by 63.
57
Calculate the remainder when 27497904 is divided by 239.
237
Calculate the remainder when 17247 is divided by 5904.
5439
What is the remainder when 77495 is divided by 12868?
287
What is the remainder when 1010965 is divided by 9341?
2137
What is the remainder when 13752325 is divided by 109?
13
Calculate the remainder when 1604716 is divided by 94391.
69
What is the remainder when 3286166 is divided by 49047?
17
Calculate the remainder when 2755963 is divided by 265.
228
What is the remainder when 648240 is divided by 1540?
1440
What is the remainder when 77413021 is divided by 19353255?
1
Calculate the remainder when 161399307 is divided by 450836.
19
Calculate the remainder when 934987 is divided by 2527.
2524
What is the remainder when 126090 is divided by 8344?
930
Calculate the remainder when 47386 is divided by 1519.
297
Calculate the remainder when 395491 is divided by 131788.
127
Calculate the remainder when 588750 is divided by 234.
6
What is the remainder when 55258668 is divided by 84?
24
Calculate the remainder when 43232 is divided by 138.
38
Calculate the remainder when 33606818 is divided by 494.
492
Calculate the remainder when 52248 is divided by 6349.
1456
Calculate the remainder when 291040 is divided by 23.
21
What is the remainder when 468981 is divided by 152?
61
Calculate the remainder when 16296 is divided by 16241.
55
Calculat